e remainder when x is divided by 14.
11
Suppose 3*t - 534 = -3*k, -11*t + 10*t - 4*k + 190 = 0. What is the remainder when t is divided by 88?
86
Let v(k) = k + 26. Let s be v(9). Let c = -21 + s. Let n = -85 - -125. Calculate the remainder when n is divided by c.
12
Let x = 98 + -96. Calculate the remainder when 1 + 14 - -2*x/1 is divided by 7.
5
Let z(s) = 2*s**2 - 6*s - 2. Let k be z(5). Let c be (-4)/(-6)*k/(-4). Let y = c - -27. What is the remainder when 46 is divided by y?
22
Calculate the remainder when 413 is divided by (515/309)/(1/51).
73
Let y(q) = -10*q + 8. Calculate the remainder when y(-12) is divided by 26.
24
Let k(d) = -3*d + 77. What is the remainder when k(-20) is divided by 24?
17
Let q(n) = -n**2 + 14*n - 6. Suppose -f = f + 4*d - 18, 29 = 3*f + 5*d. What is the remainder when 40 is divided by q(f)?
5
Suppose 3*y = -2*r - 201, -4*y = 2*r + 105 + 101. Let d(g) = -g**2 + 21*g - 2. Let v be d(26). Let h = r - v. What is the remainder when h is divided by 8?
7
Let v be -3 + (7 - 9) + (9 - 1). Suppose -483 + v = -5*o. What is the remainder when o is divided by 33?
30
Suppose -32*n + 38*n = 96. Let p(s) = 4*s**2 - 8*s + 3. Calculate the remainder when p(5) is divided by n.
15
Let b(m) = -m + 3. Let l be b(-3). Suppose l*y = 4*y + 108. What is the remainder when y is divided by 19?
16
Let g(b) = -13*b - 2. Suppose 0*a = 5*a + 10. Let q(k) = -8*k + 70. Calculate the remainder when g(a) is divided by q(7).
10
Let j = -144 + 179. What is the remainder when 52 is divided by j?
17
Let s = 10 + -5. Suppose -p = -26 - s. Suppose -4*x - 5*h = -p, -5*x - h + 44 = -0*x. What is the remainder when 25 is divided by x?
7
Suppose -32 = -5*f + f. Suppose w - f - 34 = 0. What is the remainder when w is divided by 15?
12
Let k = 447 + 212. Calculate the remainder when k is divided by 55.
54
Let n = -4 - -6. Suppose -4*a + 54 = -b - n*b, -3*b = a - 6. What is the remainder when a is divided by -5 + 10 + 2 - 4?
0
Let t(v) = 2*v**2 + 8*v + 10. Calculate the remainder when 258 is divided by t(-4).
8
Let c = 6 + -2. Let k(t) = 4*t - 22. Let s be k(6). What is the remainder when -6*(s/(-4))/(-1) - -17 is divided by c?
2
Let h = 43 - -9. Let l(m) = m**2 - 4*m - 19. Let o be l(-3). Suppose 0*q - o*q + h = 2*k, -k = 4*q - 35. Calculate the remainder when k is divided by 5.
3
Suppose 5*c = -5*b + 355, -2*c - b + 177 = -6*b. Suppose -8*l + 28 = -c. Calculate the remainder when 14 is divided by l.
1
Let g(k) = k**2 + 6*k + 7. Let n be g(-5). Let l(y) = 5*y**3 - y**2 - y. What is the remainder when l(n) is divided by 9?
7
Let g = -15 - -20. Calculate the remainder when 57 is divided by g.
2
Calculate the remainder when 756 is divided by (1/(0 + -1))/((-9)/171).
15
Let q(c) = -c - 3. Let s be q(-5). Suppose -s*h + 4*h - 72 = 0. What is the remainder when 106 is divided by h?
34
Let l = -750 - -858. Calculate the remainder when l is divided by 104.
4
Let q(x) = x**2 - 2*x - 3. Suppose 0 = 4*n - 2 - 14. Let z be q(n). Suppose 5*m + v = 160 - 34, z*v = -4*m + 105. What is the remainder when m is divided by 14?
11
Let m(f) = 5*f**2 - 4*f + 2. Calculate the remainder when 21 is divided by m(2).
7
Let h = 40 - 19. Suppose -3*o = 11*y - 14*y + 87, -3*y + 2*o = -90. Calculate the remainder when y is divided by h.
11
Let f(k) = -17*k + 84. Calculate the remainder when f(-4) is divided by 50.
2
Let x = -33 + 0. Let f = -13 - x. What is the remainder when f is divided by (39/(-117))/(3/2)*54/(-2)?
2
Let o = 1 + -9. Let w = -4 - o. Suppose -39 = -3*z + 5*j + 44, 5*z - 89 = -w*j. What is the remainder when z is divided by 11?
10
Suppose -3*j + 3*h = -24, 3*j - h + 4*h + 6 = 0. Suppose -2*z + 45 = -j*b, z = -0*z + 3. Calculate the remainder when b*6*2/(-4) is divided by 10.
9
Suppose 0 = 4*k + 4*n - 196, -282 = -5*k + 2*n - 2. Let w = -66 - -95. What is the remainder when k is divided by w?
25
Let c(p) = 36*p + 152. Calculate the remainder when 143 is divided by c(-4).
7
Suppose 0 = -3*p - p + 4*l + 36, l + 3 = 0. What is the remainder when -1 + (-4 - -3) + 23 is divided by p?
3
Calculate the remainder when 285 is divided by -15 + 34 + (-2)/2.
15
Suppose 4*w + 0*w - b = 145, 4 = -4*b. Let x = w - 24. Calculate the remainder when x is divided by 4.
0
Let s(a) = a**3 + 11*a**2 + 14*a - 4. What is the remainder when s(-9) is divided by 18?
14
Let w(a) = 5*a**2. Let c be w(1). Let d be (3/(-2))/(-1)*92/(-46). Calculate the remainder when 58 is divided by d/((-3)/4)*c.
18
Suppose 0 = -3*q + 2*q. Suppose a - s - 6 = q, -3*s = -0*s + 6. Let c = 38 - 23. What is the remainder when c is divided by a?
3
Suppose 0 = -6*r + 1441 + 263. Suppose 2*d + d + 312 = 4*z, -4*d + r = 4*z. What is the remainder when z is divided by 16?
11
Let w(u) = 2*u**3 - 3*u**2 + 3*u - 2. Let s = 148 + -67. Let x = 104 - s. Calculate the remainder when x is divided by w(2).
7
Let s be (-26)/(-10) - 6/10. Let k = -16 - -67. Suppose s*c - k = 47. Calculate the remainder when c is divided by 17.
15
Suppose 4*r = 2*f, -2*f = 2*f. Suppose r = c, 4*c + 4 = x - c. Calculate the remainder when 10 is divided by x.
2
Suppose -3*s - s + 4*g = -28, -5*s - 10 = 4*g. Suppose -s*u = 4*u - 42. Suppose -2 = 5*l - u. Calculate the remainder when 3 is divided by l.
0
Suppose 4*w = -k + 9*w, 3*w = 2*k - 35. Calculate the remainder when 211 is divided by k.
11
Let b(z) = 4*z. Let w = 13 + 33. Calculate the remainder when w is divided by b(3).
10
Let t = -5 - -1. Calculate the remainder when 58 + 24/t + 4 is divided by 19.
18
Let z = -320 - -327. What is the remainder when 90 is divided by z?
6
Suppose -7*u + 71 = 8. Let j = 4 + 26. Calculate the remainder when j is divided by u.
3
Suppose -5*l + 1 - 4 = -d, 3*d - 43 = -2*l. Let z(j) = -j**2 - 19*j - 41. What is the remainder when z(-13) is divided by d?
11
Suppose 15*p = 7*p + 840. Suppose p = -0*l + 3*l. Calculate the remainder when l is divided by 19.
16
Let x be -4*(0 - ((-42)/4)/(-7)). Suppose 0 = -3*n - x*n + 396. What is the remainder when n is divided by 16?
12
Let h = 18 - 13. Suppose 4*g - 11 = -5*y - 4, 11 = 2*g - 5*y. What is the remainder when h is divided by g?
2
Suppose 7*f - 96 = -9*f. What is the remainder when 26 is divided by f?
2
Calculate the remainder when 37 is divided by (-4 - -2)*7/(42/(-15)).
2
Let g be 10*(-1)/2*(4 - 0). Let u(r) = -r + 6. Calculate the remainder when u(g) is divided by 15.
11
Let i be -34*((-3)/(-2) - 0). Calculate the remainder when ((-5)/4 - 138/(-72))*123 is divided by (-6)/9*i/2.
14
Suppose 1906 = 4*y + v - 2038, 0 = 3*y - 4*v - 2977. Calculate the remainder when y is divided by 52.
51
Suppose f = -0*f + 3. Let t(m) = 4*m - 2. Let a(p) = 3*p - 2. Let w(y) = -3*a(y) + 2*t(y). Calculate the remainder when w(-3) is divided by f.
2
Suppose -3*b = 2*z - 38, -3*z - 4*b + 83 = -6*b. Let s = 10 + -3. What is the remainder when z is divided by s?
4
Suppose 3*x = m + 2, -3*x + 7*m = 2*m - 10. Suppose 0*v - v - 2*f = -69, -2*v - 3*f + 134 = x. Calculate the remainder when v is divided by 13.
9
Let g = 4 + 1. Suppose 69 = g*k - 31. Let f(s) = 13*s**2 + 20*s - 35. Calculate the remainder when f(2) is divided by k.
17
Let k(q) = q**2 - 4*q + 4. Let c be k(4). Let f = c + 31. Suppose -5*r = 3*w - 52, -4*r = -2*w + 7 + f. What is the remainder when 37 is divided by w?
18
Suppose 148 = 16*m - 188. Let x = m + -15. Calculate the remainder when (-6)/(-2)*13 - -1 is divided by x.
4
Suppose -3*w = -223 + 76. Let z = -10 + w. What is the remainder when 153 is divided by z?
36
Suppose -7*p = 3*p - 560. Suppose 4*k = -20, -3*u + k + p = -0*u. Calculate the remainder when u is divided by 6.
5
Let f(l) = -10*l + 10. Suppose 2*j + x + 5 = 0, -3*x + 0*x - 12 = 5*j. What is the remainder when f(j) is divided by 11?
7
Suppose 2*b + 4 = 6*b. Let j = 1 - b. Suppose k - 5*l - 38 = 0, 74 = -j*k + 3*k - 5*l. Calculate the remainder when k is divided by 10.
8
What is the remainder when ((-1636)/(-3))/(32/48) + -7 is divided by 202?
3
Let p(o) = 2*o**2 - o + 1. Suppose 0 = 5*n - 10*n - 15. Calculate the remainder when 86 is divided by p(n).
20
What is the remainder when 7*(0 - (3 - 4)) is divided by 6?
1
Suppose 10*k - 1563 = 2067. What is the remainder when k is divided by 26?
25
Suppose 50*g - 54*g = -292. Suppose 0 = 2*t + 6*h - h - 50, 0 = 4*t + 3*h - 72. W